{"id":5106,"date":"2022-03-31T17:15:36","date_gmt":"2022-03-31T15:15:36","guid":{"rendered":"https:\/\/rnyobservatory.eu\/web\/?page_id=5106"},"modified":"2022-03-31T17:17:10","modified_gmt":"2022-03-31T15:17:10","slug":"manual-best-practices-research-rural-neets","status":"publish","type":"page","link":"https:\/\/rnyobservatory.eu\/web\/publications\/manuals-ca18213-rural-neet-youth\/manual-best-practices-research-rural-neets\/","title":{"rendered":"Manual for the Methodological Best-Practices in Research Dedicated to Rural NEETs"},"content":{"rendered":"<p><a href=\"https:\/\/rnyobservatory.eu\/web\/wp-content\/uploads\/2022\/03\/ManualBest-ParcticesResearch-Rural-NEETs.pdf\"><img decoding=\"async\" class=\"wp-image-5109 size-large alignnone lazyload\" data-src=\"https:\/\/rnyobservatory.eu\/web\/wp-content\/uploads\/2022\/03\/ManualBest-ParcticesResearch-verFinal_Pagina_01-724x1024.jpg\" alt=\"\" width=\"640\" height=\"905\" data-srcset=\"https:\/\/rnyobservatory.eu\/web\/wp-content\/uploads\/2022\/03\/ManualBest-ParcticesResearch-verFinal_Pagina_01-724x1024.jpg 724w, https:\/\/rnyobservatory.eu\/web\/wp-content\/uploads\/2022\/03\/ManualBest-ParcticesResearch-verFinal_Pagina_01-212x300.jpg 212w, https:\/\/rnyobservatory.eu\/web\/wp-content\/uploads\/2022\/03\/ManualBest-ParcticesResearch-verFinal_Pagina_01-106x150.jpg 106w, https:\/\/rnyobservatory.eu\/web\/wp-content\/uploads\/2022\/03\/ManualBest-ParcticesResearch-verFinal_Pagina_01-768x1086.jpg 768w, https:\/\/rnyobservatory.eu\/web\/wp-content\/uploads\/2022\/03\/ManualBest-ParcticesResearch-verFinal_Pagina_01-1086x1536.jpg 1086w, https:\/\/rnyobservatory.eu\/web\/wp-content\/uploads\/2022\/03\/ManualBest-ParcticesResearch-verFinal_Pagina_01-17x24.jpg 17w, https:\/\/rnyobservatory.eu\/web\/wp-content\/uploads\/2022\/03\/ManualBest-ParcticesResearch-verFinal_Pagina_01-25x36.jpg 25w, https:\/\/rnyobservatory.eu\/web\/wp-content\/uploads\/2022\/03\/ManualBest-ParcticesResearch-verFinal_Pagina_01-34x48.jpg 34w, https:\/\/rnyobservatory.eu\/web\/wp-content\/uploads\/2022\/03\/ManualBest-ParcticesResearch-verFinal_Pagina_01.jpg 1199w\" data-sizes=\"(max-width: 640px) 100vw, 640px\" src=\"data:image\/svg+xml;base64,PHN2ZyB3aWR0aD0iMSIgaGVpZ2h0PSIxIiB4bWxucz0iaHR0cDovL3d3dy53My5vcmcvMjAwMC9zdmciPjwvc3ZnPg==\" style=\"--smush-placeholder-width: 640px; --smush-placeholder-aspect-ratio: 640\/905;\" \/><\/a><\/p>\n<h2><a href=\"https:\/\/rnyobservatory.eu\/web\/wp-content\/uploads\/2022\/03\/ManualBest-ParcticesResearch-Rural-NEETs.pdf\">Manual for the Methodological Best-Practices in Research Dedicated to Rural NEETs<\/a><\/h2>\n<p>ISBN: 978-989-781-613-0<\/p>\n<h5>AUTHORS<\/h5>\n<ul>\n<li>Emre Erdo\u011fan &#8211; emre.erdogan@bilgi.edu.tr<br \/>\n\u0130stanbul Bilgi University &#8211; Turkey<\/li>\n<li>P\u0131nar Uyan &#8211; Semerci, pinar.uyan@bilgi.edu.tr<br \/>\n\u0130stanbul Bilgi University &#8211; Turkey<\/li>\n<li>Claudia Petrescu &#8211; claudia.petrescu@iccv.ro<br \/>\nRomanian Academy &#8211; Research Institute for Quality of Life &#8211; Romania<\/li>\n<\/ul>\n<h5>CONTRIBUTORS<\/h5>\n<ul>\n<li>Paul Flynn &#8211; paul.flynn@nuigalway.ie<br \/>\nSchool of Education &#8211; National University of Ireland Galway &#8211; Ireland<\/li>\n<li>\u0160tefan Bojnec \u2013 stefan.bojnec@siol.net<br \/>\nUniversity of Primorska \u2013 Faculty of Management \u2013 Slovenia<\/li>\n<li>Maria Fernandes-Jesus \u2013 maria.jesus@iscte-iul.pt<br \/>\nSchool of Education &#8211; Language and Psychology &#8211; York St John University &#8211; United Kingdom<\/li>\n<li>Frida Jonsson &#8211; frida.jonsson@umu.se.<br \/>\nUme\u00e5 University | UMU &#8211; Department of Epidemiology and Global Health &#8211; Sweden<\/li>\n<\/ul>\n<h5>ACKNOWLEDGEMENT<\/h5>\n<p>This manual is one of the most difficult tasks to be completed under this action. Our objective was stated as to build a manual for evaluating research about the rural NEETs and for presenting best practices. We also targeted to form a guideline to be used in designing our research studies. As the research about the NEETs and especially rural NEETs has a multidisciplinary characteristic, the practice of the research is methodology heterodox. Hence, our task was to construct a guideline to compare \u201capples and oranges\u201d, we hope we succeeded on it. The task is a product of the collective effort of many members of the Action. P\u0131nar Uyan-Semerci, Francisco Simoes and Claudia Petrescu contributed to the composition of this manual. Paul Flynn, Stefan Bojnec, Maria Fernandes-Jesus, Frida Jonsson, Selman G\u00fcltekin helped us to form the final version with their comments. This manual is an unfinished task, it will be enriched when it will be used in the craftmanship of research in the field.<\/p>\n<p>Emre Erdo\u011fan<br \/>\n<em>February 2022<\/em><\/p>\n<div class=\"pvc_clear\"><\/div>\n<p id=\"pvc_stats_5106\" class=\"pvc_stats total_only  \" data-element-id=\"5106\" style=\"\"><i class=\"pvc-stats-icon medium\" aria-hidden=\"true\"><svg aria-hidden=\"true\" focusable=\"false\" data-prefix=\"far\" data-icon=\"chart-bar\" role=\"img\" xmlns=\"http:\/\/www.w3.org\/2000\/svg\" viewBox=\"0 0 512 512\" class=\"svg-inline--fa fa-chart-bar fa-w-16 fa-2x\"><path fill=\"currentColor\" d=\"M396.8 352h22.4c6.4 0 12.8-6.4 12.8-12.8V108.8c0-6.4-6.4-12.8-12.8-12.8h-22.4c-6.4 0-12.8 6.4-12.8 12.8v230.4c0 6.4 6.4 12.8 12.8 12.8zm-192 0h22.4c6.4 0 12.8-6.4 12.8-12.8V140.8c0-6.4-6.4-12.8-12.8-12.8h-22.4c-6.4 0-12.8 6.4-12.8 12.8v198.4c0 6.4 6.4 12.8 12.8 12.8zm96 0h22.4c6.4 0 12.8-6.4 12.8-12.8V204.8c0-6.4-6.4-12.8-12.8-12.8h-22.4c-6.4 0-12.8 6.4-12.8 12.8v134.4c0 6.4 6.4 12.8 12.8 12.8zM496 400H48V80c0-8.84-7.16-16-16-16H16C7.16 64 0 71.16 0 80v336c0 17.67 14.33 32 32 32h464c8.84 0 16-7.16 16-16v-16c0-8.84-7.16-16-16-16zm-387.2-48h22.4c6.4 0 12.8-6.4 12.8-12.8v-70.4c0-6.4-6.4-12.8-12.8-12.8h-22.4c-6.4 0-12.8 6.4-12.8 12.8v70.4c0 6.4 6.4 12.8 12.8 12.8z\" class=\"\"><\/path><\/svg><\/i> <img decoding=\"async\" width=\"16\" height=\"16\" alt=\"Loading\" data-src=\"https:\/\/rnyobservatory.eu\/web\/wp-content\/plugins\/page-views-count\/ajax-loader-2x.gif\" border=0 src=\"data:image\/svg+xml;base64,PHN2ZyB3aWR0aD0iMSIgaGVpZ2h0PSIxIiB4bWxucz0iaHR0cDovL3d3dy53My5vcmcvMjAwMC9zdmciPjwvc3ZnPg==\" class=\"lazyload\" style=\"--smush-placeholder-width: 16px; --smush-placeholder-aspect-ratio: 16\/16;\" \/><\/p>\n<div class=\"pvc_clear\"><\/div>\n","protected":false},"excerpt":{"rendered":"<p>Manual for the Methodological Best-Practices in Research Dedicated to Rural NEETs ISBN: 978-989-781-613-0 AUTHORS Emre Erdo\u011fan &#8211; emre.erdogan@bilgi.edu.tr \u0130stanbul Bilgi University &#8211; Turkey P\u0131nar Uyan &#8211; Semerci, pinar.uyan@bilgi.edu.tr \u0130stanbul Bilgi University &#8211; Turkey Claudia Petrescu &#8211; claudia.petrescu@iccv.ro Romanian Academy &#8211; Research Institute for Quality of Life &#8211; Romania CONTRIBUTORS Paul Flynn &#8211; paul.flynn@nuigalway.ie School of Education &#8211; National University of Ireland Galway &#8211; Ireland \u0160tefan Bojnec \u2013 stefan.bojnec@siol.net University of Primorska \u2013 Faculty of Management \u2013 Slovenia Maria Fernandes-Jesus \u2013&hellip;<\/p>\n<div class=\"pvc_clear\"><\/div>\n<p id=\"pvc_stats_5106\" class=\"pvc_stats total_only  \" data-element-id=\"5106\" style=\"\"><i class=\"pvc-stats-icon medium\" aria-hidden=\"true\"><svg aria-hidden=\"true\" focusable=\"false\" data-prefix=\"far\" data-icon=\"chart-bar\" role=\"img\" xmlns=\"http:\/\/www.w3.org\/2000\/svg\" viewBox=\"0 0 512 512\" class=\"svg-inline--fa fa-chart-bar fa-w-16 fa-2x\"><path fill=\"currentColor\" d=\"M396.8 352h22.4c6.4 0 12.8-6.4 12.8-12.8V108.8c0-6.4-6.4-12.8-12.8-12.8h-22.4c-6.4 0-12.8 6.4-12.8 12.8v230.4c0 6.4 6.4 12.8 12.8 12.8zm-192 0h22.4c6.4 0 12.8-6.4 12.8-12.8V140.8c0-6.4-6.4-12.8-12.8-12.8h-22.4c-6.4 0-12.8 6.4-12.8 12.8v198.4c0 6.4 6.4 12.8 12.8 12.8zm96 0h22.4c6.4 0 12.8-6.4 12.8-12.8V204.8c0-6.4-6.4-12.8-12.8-12.8h-22.4c-6.4 0-12.8 6.4-12.8 12.8v134.4c0 6.4 6.4 12.8 12.8 12.8zM496 400H48V80c0-8.84-7.16-16-16-16H16C7.16 64 0 71.16 0 80v336c0 17.67 14.33 32 32 32h464c8.84 0 16-7.16 16-16v-16c0-8.84-7.16-16-16-16zm-387.2-48h22.4c6.4 0 12.8-6.4 12.8-12.8v-70.4c0-6.4-6.4-12.8-12.8-12.8h-22.4c-6.4 0-12.8 6.4-12.8 12.8v70.4c0 6.4 6.4 12.8 12.8 12.8z\" class=\"\"><\/path><\/svg><\/i> <img decoding=\"async\" width=\"16\" height=\"16\" alt=\"Loading\" data-src=\"https:\/\/rnyobservatory.eu\/web\/wp-content\/plugins\/page-views-count\/ajax-loader-2x.gif\" border=0 src=\"data:image\/svg+xml;base64,PHN2ZyB3aWR0aD0iMSIgaGVpZ2h0PSIxIiB4bWxucz0iaHR0cDovL3d3dy53My5vcmcvMjAwMC9zdmciPjwvc3ZnPg==\" class=\"lazyload\" style=\"--smush-placeholder-width: 16px; --smush-placeholder-aspect-ratio: 16\/16;\" \/><\/p>\n<div class=\"pvc_clear\"><\/div>\n","protected":false},"author":1,"featured_media":0,"parent":5057,"menu_order":0,"comment_status":"closed","ping_status":"closed","template":"","meta":{"om_disable_all_campaigns":false,"_monsterinsights_skip_tracking":false,"_monsterinsights_sitenote_active":false,"_monsterinsights_sitenote_note":"","_monsterinsights_sitenote_category":0,"_EventAllDay":false,"_EventTimezone":"","_EventStartDate":"","_EventEndDate":"","_EventStartDateUTC":"","_EventEndDateUTC":"","_EventShowMap":false,"_EventShowMapLink":false,"_EventURL":"","_EventCost":"","_EventCostDescription":"","_EventCurrencySymbol":"","_EventCurrencyCode":"","_EventCurrencyPosition":"","_EventDateTimeSeparator":"","_EventTimeRangeSeparator":"","_EventOrganizerID":[],"_EventVenueID":[],"_OrganizerEmail":"","_OrganizerPhone":"","_OrganizerWebsite":"","_VenueAddress":"","_VenueCity":"","_VenueCountry":"","_VenueProvince":"","_VenueState":"","_VenueZip":"","_VenuePhone":"","_VenueURL":"","_VenueStateProvince":"","_VenueLat":"","_VenueLng":"","_VenueShowMap":false,"_VenueShowMapLink":false,"two_page_speed":[],"footnotes":""},"class_list":["post-5106","page","type-page","status-publish","hentry"],"_links":{"self":[{"href":"https:\/\/rnyobservatory.eu\/web\/wp-json\/wp\/v2\/pages\/5106","targetHints":{"allow":["GET"]}}],"collection":[{"href":"https:\/\/rnyobservatory.eu\/web\/wp-json\/wp\/v2\/pages"}],"about":[{"href":"https:\/\/rnyobservatory.eu\/web\/wp-json\/wp\/v2\/types\/page"}],"author":[{"embeddable":true,"href":"https:\/\/rnyobservatory.eu\/web\/wp-json\/wp\/v2\/users\/1"}],"replies":[{"embeddable":true,"href":"https:\/\/rnyobservatory.eu\/web\/wp-json\/wp\/v2\/comments?post=5106"}],"version-history":[{"count":2,"href":"https:\/\/rnyobservatory.eu\/web\/wp-json\/wp\/v2\/pages\/5106\/revisions"}],"predecessor-version":[{"id":5113,"href":"https:\/\/rnyobservatory.eu\/web\/wp-json\/wp\/v2\/pages\/5106\/revisions\/5113"}],"up":[{"embeddable":true,"href":"https:\/\/rnyobservatory.eu\/web\/wp-json\/wp\/v2\/pages\/5057"}],"wp:attachment":[{"href":"https:\/\/rnyobservatory.eu\/web\/wp-json\/wp\/v2\/media?parent=5106"}],"curies":[{"name":"wp","href":"https:\/\/api.w.org\/{rel}","templated":true}]}}