{"id":5736,"date":"2025-02-06T17:41:47","date_gmt":"2025-02-06T16:41:47","guid":{"rendered":"https:\/\/rnyobservatory.eu\/web\/?page_id=5736"},"modified":"2025-02-12T18:20:41","modified_gmt":"2025-02-12T17:20:41","slug":"scientific-articles-from-the-action","status":"publish","type":"page","link":"https:\/\/rnyobservatory.eu\/web\/publications\/scientific-articles-from-the-action\/","title":{"rendered":"Scientific articles from the Action"},"content":{"rendered":"<h1><strong>Scientific articles from the Action<\/strong><\/h1>\n<h4>NEETs civic and political participation in outermost islands: The mediating roles of sense of community and agency<\/h4>\n<p>Francisco Sim\u00f5es, Maria Fernandes-Jesus, Elena Marta<br \/>\n<i>Journal of Community &amp; Applied Social Psychology<\/i>,\u00a0<span class=\"vol\">32<\/span>(<span class=\"citedIssue\">5<\/span>),\u00a0<span class=\"pageFirst\">799<\/span>\u2013<span class=\"pageLast\">813<\/span>.\u00a0<a class=\"linkBehavior\" href=\"https:\/\/doi.org\/10.1002\/casp.2609\">https:\/\/doi.org\/10.1002\/casp.2609<\/a><\/p>\n<hr \/>\n<h4>How Digital Inclusion Increase Opportunities for Young People: Case of NEETs from Bulgaria, Romania and Turkey<\/h4>\n<p>Gabriela Neagu, Muhammet Berigel, Vladislava Lendzhova<br \/>\nSustainability 2021, 13(14), 7894; <a href=\"https:\/\/doi.org\/10.3390\/su13147894\">https:\/\/doi.org\/10.3390\/su13147894<\/a><\/p>\n<hr \/>\n<h4>NEET Rural\u2013Urban Ecosystems: The Role of Urban Social Innovation Diffusion in Supporting Sustainable Rural Pathways to Education, Employment, and Training<\/h4>\n<p>Emre Erdogan, Paul Flynn, Bahanur Nasya, Heidi Paabort, Vladislava Lendzhova<br \/>\nSustainability 2021, 13(21), 12053; <a href=\"https:\/\/doi.org\/10.3390\/su132112053\">https:\/\/doi.org\/10.3390\/su132112053<\/a><\/p>\n<hr \/>\n<h4>Rapid Evidence Assessment Protocol for the Meta-Analysis of Initiatives, Interventions and Programmes That Target Rural NEETs<\/h4>\n<p>Paul Flynn, Veronica McCauley, Alen Muj\u010dinovi\u0107, Vesela Radovi\u0107, Stefan Bojnec, Francisco Sim\u00f5es<br \/>\nSoc. Sci. 2022, 11(8), 362; <a href=\"https:\/\/doi.org\/10.3390\/socsci11080362\">https:\/\/doi.org\/10.3390\/socsci11080362<\/a><\/p>\n<hr \/>\n<h4>Becoming a Young Farmer in the Digital Age\u2014An Island Perspective<\/h4>\n<p>\u0130lkay Unay-Gailhard, Francisco Sim\u00f5es<br \/>\nRural Sociology, 87: 144-185. <a href=\"https:\/\/doi.org\/10.1111\/ruso.12400\">https:\/\/doi.org\/10.1111\/ruso.12400<\/a><\/p>\n<div class=\"pvc_clear\"><\/div>\n<p id=\"pvc_stats_5736\" class=\"pvc_stats total_only  \" data-element-id=\"5736\" style=\"\"><i class=\"pvc-stats-icon medium\" aria-hidden=\"true\"><svg aria-hidden=\"true\" focusable=\"false\" data-prefix=\"far\" data-icon=\"chart-bar\" role=\"img\" xmlns=\"http:\/\/www.w3.org\/2000\/svg\" viewBox=\"0 0 512 512\" class=\"svg-inline--fa fa-chart-bar fa-w-16 fa-2x\"><path fill=\"currentColor\" d=\"M396.8 352h22.4c6.4 0 12.8-6.4 12.8-12.8V108.8c0-6.4-6.4-12.8-12.8-12.8h-22.4c-6.4 0-12.8 6.4-12.8 12.8v230.4c0 6.4 6.4 12.8 12.8 12.8zm-192 0h22.4c6.4 0 12.8-6.4 12.8-12.8V140.8c0-6.4-6.4-12.8-12.8-12.8h-22.4c-6.4 0-12.8 6.4-12.8 12.8v198.4c0 6.4 6.4 12.8 12.8 12.8zm96 0h22.4c6.4 0 12.8-6.4 12.8-12.8V204.8c0-6.4-6.4-12.8-12.8-12.8h-22.4c-6.4 0-12.8 6.4-12.8 12.8v134.4c0 6.4 6.4 12.8 12.8 12.8zM496 400H48V80c0-8.84-7.16-16-16-16H16C7.16 64 0 71.16 0 80v336c0 17.67 14.33 32 32 32h464c8.84 0 16-7.16 16-16v-16c0-8.84-7.16-16-16-16zm-387.2-48h22.4c6.4 0 12.8-6.4 12.8-12.8v-70.4c0-6.4-6.4-12.8-12.8-12.8h-22.4c-6.4 0-12.8 6.4-12.8 12.8v70.4c0 6.4 6.4 12.8 12.8 12.8z\" class=\"\"><\/path><\/svg><\/i> <img decoding=\"async\" width=\"16\" height=\"16\" alt=\"Loading\" data-src=\"https:\/\/rnyobservatory.eu\/web\/wp-content\/plugins\/page-views-count\/ajax-loader-2x.gif\" border=0 src=\"data:image\/svg+xml;base64,PHN2ZyB3aWR0aD0iMSIgaGVpZ2h0PSIxIiB4bWxucz0iaHR0cDovL3d3dy53My5vcmcvMjAwMC9zdmciPjwvc3ZnPg==\" class=\"lazyload\" style=\"--smush-placeholder-width: 16px; --smush-placeholder-aspect-ratio: 16\/16;\" \/><\/p>\n<div class=\"pvc_clear\"><\/div>\n","protected":false},"excerpt":{"rendered":"<p>Scientific articles from the Action NEETs civic and political participation in outermost islands: The mediating roles of sense of community and agency Francisco Sim\u00f5es, Maria Fernandes-Jesus, Elena Marta Journal of Community &amp; Applied Social Psychology,\u00a032(5),\u00a0799\u2013813.\u00a0https:\/\/doi.org\/10.1002\/casp.2609 How Digital Inclusion Increase Opportunities for Young People: Case of NEETs from Bulgaria, Romania and Turkey Gabriela Neagu, Muhammet Berigel, Vladislava Lendzhova Sustainability 2021, 13(14), 7894; https:\/\/doi.org\/10.3390\/su13147894 NEET Rural\u2013Urban Ecosystems: The Role of Urban Social Innovation Diffusion in Supporting Sustainable Rural Pathways to Education, Employment,&hellip;<\/p>\n<div class=\"pvc_clear\"><\/div>\n<p id=\"pvc_stats_5736\" class=\"pvc_stats total_only  \" data-element-id=\"5736\" style=\"\"><i class=\"pvc-stats-icon medium\" aria-hidden=\"true\"><svg aria-hidden=\"true\" focusable=\"false\" data-prefix=\"far\" data-icon=\"chart-bar\" role=\"img\" xmlns=\"http:\/\/www.w3.org\/2000\/svg\" viewBox=\"0 0 512 512\" class=\"svg-inline--fa fa-chart-bar fa-w-16 fa-2x\"><path fill=\"currentColor\" d=\"M396.8 352h22.4c6.4 0 12.8-6.4 12.8-12.8V108.8c0-6.4-6.4-12.8-12.8-12.8h-22.4c-6.4 0-12.8 6.4-12.8 12.8v230.4c0 6.4 6.4 12.8 12.8 12.8zm-192 0h22.4c6.4 0 12.8-6.4 12.8-12.8V140.8c0-6.4-6.4-12.8-12.8-12.8h-22.4c-6.4 0-12.8 6.4-12.8 12.8v198.4c0 6.4 6.4 12.8 12.8 12.8zm96 0h22.4c6.4 0 12.8-6.4 12.8-12.8V204.8c0-6.4-6.4-12.8-12.8-12.8h-22.4c-6.4 0-12.8 6.4-12.8 12.8v134.4c0 6.4 6.4 12.8 12.8 12.8zM496 400H48V80c0-8.84-7.16-16-16-16H16C7.16 64 0 71.16 0 80v336c0 17.67 14.33 32 32 32h464c8.84 0 16-7.16 16-16v-16c0-8.84-7.16-16-16-16zm-387.2-48h22.4c6.4 0 12.8-6.4 12.8-12.8v-70.4c0-6.4-6.4-12.8-12.8-12.8h-22.4c-6.4 0-12.8 6.4-12.8 12.8v70.4c0 6.4 6.4 12.8 12.8 12.8z\" class=\"\"><\/path><\/svg><\/i> <img decoding=\"async\" width=\"16\" height=\"16\" alt=\"Loading\" data-src=\"https:\/\/rnyobservatory.eu\/web\/wp-content\/plugins\/page-views-count\/ajax-loader-2x.gif\" border=0 src=\"data:image\/svg+xml;base64,PHN2ZyB3aWR0aD0iMSIgaGVpZ2h0PSIxIiB4bWxucz0iaHR0cDovL3d3dy53My5vcmcvMjAwMC9zdmciPjwvc3ZnPg==\" class=\"lazyload\" style=\"--smush-placeholder-width: 16px; --smush-placeholder-aspect-ratio: 16\/16;\" \/><\/p>\n<div class=\"pvc_clear\"><\/div>\n","protected":false},"author":1,"featured_media":0,"parent":4290,"menu_order":0,"comment_status":"closed","ping_status":"closed","template":"","meta":{"om_disable_all_campaigns":false,"_monsterinsights_skip_tracking":false,"_monsterinsights_sitenote_active":false,"_monsterinsights_sitenote_note":"","_monsterinsights_sitenote_category":0,"_EventAllDay":false,"_EventTimezone":"","_EventStartDate":"","_EventEndDate":"","_EventStartDateUTC":"","_EventEndDateUTC":"","_EventShowMap":false,"_EventShowMapLink":false,"_EventURL":"","_EventCost":"","_EventCostDescription":"","_EventCurrencySymbol":"","_EventCurrencyCode":"","_EventCurrencyPosition":"","_EventDateTimeSeparator":"","_EventTimeRangeSeparator":"","_EventOrganizerID":[],"_EventVenueID":[],"_OrganizerEmail":"","_OrganizerPhone":"","_OrganizerWebsite":"","_VenueAddress":"","_VenueCity":"","_VenueCountry":"","_VenueProvince":"","_VenueState":"","_VenueZip":"","_VenuePhone":"","_VenueURL":"","_VenueStateProvince":"","_VenueLat":"","_VenueLng":"","_VenueShowMap":false,"_VenueShowMapLink":false,"two_page_speed":[],"footnotes":""},"class_list":["post-5736","page","type-page","status-publish","hentry"],"_links":{"self":[{"href":"https:\/\/rnyobservatory.eu\/web\/wp-json\/wp\/v2\/pages\/5736","targetHints":{"allow":["GET"]}}],"collection":[{"href":"https:\/\/rnyobservatory.eu\/web\/wp-json\/wp\/v2\/pages"}],"about":[{"href":"https:\/\/rnyobservatory.eu\/web\/wp-json\/wp\/v2\/types\/page"}],"author":[{"embeddable":true,"href":"https:\/\/rnyobservatory.eu\/web\/wp-json\/wp\/v2\/users\/1"}],"replies":[{"embeddable":true,"href":"https:\/\/rnyobservatory.eu\/web\/wp-json\/wp\/v2\/comments?post=5736"}],"version-history":[{"count":4,"href":"https:\/\/rnyobservatory.eu\/web\/wp-json\/wp\/v2\/pages\/5736\/revisions"}],"predecessor-version":[{"id":5754,"href":"https:\/\/rnyobservatory.eu\/web\/wp-json\/wp\/v2\/pages\/5736\/revisions\/5754"}],"up":[{"embeddable":true,"href":"https:\/\/rnyobservatory.eu\/web\/wp-json\/wp\/v2\/pages\/4290"}],"wp:attachment":[{"href":"https:\/\/rnyobservatory.eu\/web\/wp-json\/wp\/v2\/media?parent=5736"}],"curies":[{"name":"wp","href":"https:\/\/api.w.org\/{rel}","templated":true}]}}